0 (base 10) to base 15.
-15
-5 (base 16) to base 13
-5
90 (base 12) to base 11
99
What is 1123 (base 4) in base 10?
91
Convert 31 (base 6) to base 7.
25
What is 2122 (base 3) in base 16?
47
-323 (base 4) to base 6
-135
What is 206 (base 7) in base 15?
6e
What is 62 (base 15) in base 3?
10102
-14 (base 12) to base 13
-13
d9 (base 15) to base 5
1304
What is 3 (base 6) in base 15?
3
Convert 28 (base 15) to base 4.
212
10b (base 15) to base 7
455
What is -2 (base 8) in base 3?
-2
-a (base 12) to base 11
-a
What is -2111 (base 5) in base 10?
-281
What is 2 (base 16) in base 3?
2
Convert 100011 (base 2) to base 12.
2b
5 (base 9) to base 15
5
Convert 256 (base 9) to base 4.
3111
1 (base 11) to base 3
1
1 (base 2) to base 4
1
Convert -124 (base 8) to base 14.
-60
Convert 41 (base 12) to base 7.
100
1 (base 5) to base 4
1
What is -222 (base 3) in base 4?
-122
Convert 1100 (base 3) to base 10.
36
Convert -3 (base 12) to base 13.
-3
2 (base 13) to base 6
2
4 (base 6) to base 12
4
What is 1 (base 10) in base 5?
1
Convert -2 (base 7) to base 3.
-2
-1 (base 7) to base 9
-1
What is -12 (base 7) in base 6?
-13
Convert 4 (base 7) to base 10.
4
2 (base 16) to base 9
2
Convert 9e (base 16) to base 15.
a8
Convert -1 (base 14) to base 11.
-1
-6e (base 15) to base 12
-88
What is 3 (base 4) in base 5?
3
-523 (base 6) to base 14
-dd
Convert 22 (base 6) to base 8.
16
Convert -4a (base 12) to base 7.
-112
-14 (base 12) to base 2
-10000
-19 (base 13) to base 5
-42
What is -2 (base 5) in base 3?
-2
Convert -5a (base 11) to base 13.
-50
Convert 3 (base 8) to base 11.
3
Convert -2 (base 15) to base 6.
-2
27 (base 10) to base 9
30
Convert -30 (base 9) to base 16.
-1b
Convert 35 (base 11) to base 14.
2a
0 (base 4) to base 13
0
-64 (base 12) to base 15
-51
Convert 1 (base 8) to base 11.
1
Convert -131 (base 5) to base 13.
-32
Convert 1010 (base 2) to base 11.
a
What is -2 (base 10) in base 15?
-2
What is -420 (base 5) in base 9?
-132
Convert -2323 (base 4) to base 9.
-227
What is 325 (base 6) in base 10?
125
What is 2 (base 12) in base 10?
2
What is -2001 (base 4) in base 15?
-89
-5 (base 15) to base 13
-5
What is 17 (base 9) in base 12?
14
What is 78 (base 11) in base 6?
221
Convert -4 (base 13) to base 16.
-4
Convert 0 (base 11) to base 2.
0
1 (base 5) to base 10
1
What is -3 (base 13) in base 6?
-3
Convert -b (base 14) to base 6.
-15
Convert -2 (base 13) to base 7.
-2
What is -1 (base 8) in base 13?
-1
Convert -7 (base 13) to base 6.
-11
-53 (base 8) to base 11
-3a
Convert 8 (base 9) to base 6.
12
Convert -1112 (base 4) to base 14.
-62
Convert 2 (base 16) to base 3.
2
Convert 23 (base 14) to base 8.
37
-1 (base 8) to base 2
-1
What is 27 (base 9) in base 5?
100
What is 0 (base 3) in base 16?
0
1 (base 11) to base 7
1
What is 1 (base 6) in base 3?
1
3 (base 10) to base 3
10
What is -115 (base 11) in base 13?
-a7
What is 181 (base 11) in base 16?
d2
What is -134 (base 6) in base 12?
-4a
Convert -2 (base 13) to base 10.
-2
1312 (base 5) to base 6
543
Convert 87 (base 12) to base 10.
103
What is 10 (base 13) in base 12?
11
Convert -3 (base 14) to base 4.
-3
What is 11 (base 2) in base 13?
3
What is -94 (base 16) in base 12?
-104
Convert 30 (base 7) to base 6.
33
4a (base 16) to base 3
2202
-2 (base 12) to base 2
-10
123 (base 15) to base 3
100120
Convert 1033 (base 4) to base 10.
79
Convert 11 (base 3) to base 8.
4
Convert 111 (base 4) to base 3.
210
What is -2 (base 11) in base 10?
-2
What is -62 (base 13) in base 15?
-55
243 (base 5) to base 6
201
Convert -1111010 (base 2) to base 11.
-101
What is -48 (base 11) in base 12?
-44
-12 (base 5) to base 13
-7
-11101 (base 2) to base 14
-21
Convert -4 (base 9) to base 10.
-4
-100 (base 3) to base 8
-11
What is -9 (base 15) in base 9?
-10
Convert -3 (base 7) to base 4.
-3
11 (base 4) to base 15
5
Convert 217 (base 11) to base 16.
104
-57 (base 13) to base 8
-110
Convert 1 (base 8) to base 5.
1
What is -43 (base 12) in base 4?
-303
What is -11 (base 6) in base 5?
-12
-12 (base 10) to base 13
-c
What is 20 (base 13) in base 10?
26
Convert -3 (base 7) to base 9.
-3
What is -6 (base 12) in base 16?
-6
Convert -2 (base 10) to base 15.
-2
What is 110 (base 3) in base 12?
10
What is 12 (base 11) in base 15?
d
41 (base 6) to base 16
19
Convert 110 (base 2) to base 9.
6
Convert -21 (base 3) to base 6.
-11
What is -17 (base 8) in base 2?
-1111
11 (base 4) to base 7
5
Convert -6 (base 10) to base 9.
-6
What is 11001 (base 2) in base 12?
21
Convert -d0 (base 15) to base 7.
-366
Convert 2 (base 15) to base 3.
2
What is -11 (base 3) in base 4?
-10
Convert 29 (base 13) to base 7.
50
Convert 46 (base 7) to base 8.
42
-3 (base 7) to base 15
-3
-1 (base 3) to base 4
-1
3 (base 15) to base 13
3
What is -1 (base 10) in base 11?
-1
-20 (base 9) to base 10
-18
10001 (base 2) to base 3
122
What is a3 (base 16) in base 9?
201
-1 (base 9) to base 7
-1
-6 (base 16) to base 10
-6
Convert -2 (base 12) to base 16.
-2
1c (base 13) to base 4
121
15 (base 10) to base 13
12
What is -9 (base 10) in base 13?
-9
Convert 1224 (base 6) to base 9.
367
What is 2120 (base 3) in base 4?
1011
153 (base 8) to base 11
98
Convert -3 (base 15) to base 9.
-3
What is d (base 16) in base 10?
13
Convert 22 (base 7) to base 8.
20
-4 (base 14) to base 10
-4
Convert -5 (base 11) to base 6.
-5
What is 24 (base 16) in base 6?
100
9 (base 13) to base 6
13
What is 41 (base 6) in base 3?
221
What is -7 (base 8) in base 10?
-7
Convert -103 (base 8) to base 16.
-43
0 (base 9) to base 7
0
Convert -b (base 14) to base 12.
-b
Convert -1000 (base 2) to base 4.
-20
-14 (base 6) to base 3
-101
What is -35 (base 9) in base 6?
-52
-1 (base 2) to base 11
-1
0 (base 11) to base 14
0
-100000010 (base 2) to base 16
-102
Convert -20 (base 4) to base 13.
-8
What is -2200 (base 5) in base 13?
-1a1
Convert 2e (base 16) to base 10.
46
18a (base 11) to base 5
1334
-72 (base 10) to base 3
-2200
What is 3 (base 10) in base 6?
3
10 (base 7) to base 10
7
What is 10000011 (base 2) in base 12?
ab
Convert -36 (base 7) to base 2.
-11011
Convert 11 (base 2) to base 6.
3
Convert -152 (base 11) to base 10.
-178
What is 49 (base 10) in base 7?
100
What is 2 (base 16) in base 14?
2
-6 (base 15) to base 14
-6
Convert -11 (base 3) to base 10.
-4
Convert -50 (base 12) to base 13.
-48
95 (base 15) to base 3
12012
-22 (base 5) to base 8
-14
Convert -61 (base 14) to base 8.
-125
Convert 32 (base 5) to base 4.
101
1 (base 4) to base 9
1
Convert -2 (base 8) to base 14.
-2
16 (base 11) to base 2
10001
201 (base 4) to base 9
36
What is -12 (base 10) in base 6?
-20
177 (base 8) to base 6
331
What is 4 (base 10) in base 2?
100
2 (base 12) to base 11
2
Convert 1b (base 15) to base 10.
26
What is -11 (base 2) in base 9?
-3
Convert -2b (base 16) to base 11.
-3a
What is 0 (base 7) in base 15?
0
Convert 2 (base 16) to base 9.
2
Convert 47 (base 9) to base 6.
111
132 (base 6) to base 13
44
-11 (base 8) to base 3
-100
Convert -4 (base 5) to base 3.
-11
What is 11 (base 3) in base 6?
4
0 (base 16) to base 10
0
10 (base 4) to base 11
4
What is 102112 (base 3) in base 16?
137
Convert 6 (base 14) to base 16.
6
13 (base 9) to base 14
c
What is 45 (base 6) in base 8?
35
What is -13 (base 4) in base 13?
-7
-30 (base 8) to base 12
-20
Convert -10 (base 6) to base 16.
-6
Convert 1010111 (base 2) to base 11.
7a
-43 (base 16) to base 2
-1000011
Convert 56 (base 10) to base 11.
51
Convert 1 (base 4) to base 9.
1
Convert -110101 (base 2) to base 3.
-1222
Convert -3 (base 7) to base 8.
-3
Convert -2232 (base 4) to base 11.
-149
Convert 1d (base 16) to base 5.
104
Convert -6 (base 15) to base 4.
-12
-115 (base 15) to base 7
-500
Convert -123 (base 8) to base 7.
-146
What is -1b (base 12) in base 4?
-113
4 (base 10) to base 6
4
What is -4 (base 13) in base 7?
-4
What is 61 (base 10) in base 5?
221
2 (base 15) to base 6
2
What is 11 (base 7) in base 4?
20
What is -b (base 14) in base 10?
-11
What is -52 (base 11) in base 14?
-41
Convert 1102 (base 5) to base 16.
98
What is 32 (base 8) in base 14?
1c
-64 (base 10) to base 16
-40
Convert 114 (base 7) to base 9.
66
-4 (base 13) to base 8
-4
What is 10101 (base 3) in base 9?
111
Convert -9b (base 16) to base 7.
-311
What is 0 (base 13) in base 5?
0
6 (base 13) to base 16
6
Convert -10 (base 13) to base 12.
